-3*s = -3*c - 2 - 1. Let t(p) = -p - 1. Determine t(c).
2
Let w(b) = b**3 + 4*b**2 + 2*b - 2. Let p be (-10)/35 + 76/(-28). Give w(p).
1
Let w(d) be the second derivative of -d**3 + d**2/2 - 11*d. What is w(1)?
-5
Let l(j) = -2*j + 5. Let y(g) = -1. Let u(f) = -l(f) - 6*y(f). Let v = -5 - -3. Determine u(v).
-3
Let m(i) = -i - 5. Let n = 93 + -98. Give m(n).
0
Let r = -10 - -5. Let u(l) be the third derivative of -l**4/8 - l**3/2 + 3*l**2. Determine u(r).
12
Suppose -5*f - 30 = 5*m, 4*m = 3*f - 1 + 5. Let a(h) = h + 3 - 2*h**2 - 4 + 4*h**2. What is a(m)?
5
Let a(l) = 3*l - 3. Suppose 0*i + 4*i - 10 = -2*t, -2*t = -4*i - 42. Let p = -8 + t. Give a(p).
12
Let x(l) = -2*l**2 + 12*l - 2. Let z be x(5). Suppose 2*o + z = -3*j, -2*j - 3*o - o + 8 = 0. Let b(a) = a + 2. Determine b(j).
-4
Let b(c) = -c**3 + 3*c**2 + 2*c + 3. Let r(s) = s**3 + 6*s**2 + 7*s + 1. Let o be r(-4). Suppose v - 5*g = 23 - 5, -o*g = -2*v + 21. Calculate b(v).
9
Suppose -b + 8 = -3*a, -12 = 2*b - 5*a + 6*a. Let v(y) = -y**3 - 3*y**2 + 6*y + 3. Give v(b).
-5
Suppose 2*d = 4*x, 0 = 11*d - 6*d - 3*x + 21. Let b(o) = o**3 + 5*o**2 - 4*o + 5. Calculate b(d).
-7
Let f(g) = -g. Let m = -45 - -49. Give f(m).
-4
Let o = 10 - 7. Suppose -o*z - 3*x - 9 = 0, 3*x + 7 = z - x. Let a be (3 - 2)/z - 0. Let p(w) = 5*w**3 + 2*w**2 + w. Calculate p(a).
-4
Let d = 18 - 14. Let a(c) = -c**2 + 7*c - 6. Calculate a(d).
6
Let b(q) = q**3 + 7*q**2 + 5*q + 3. Let v be b(-6). Let i be 9*(-1 + 4)/v. Let k(f) = -4 + 3*f - 2*f**2 + f**2 + 0. Give k(i).
-4
Let g = -74 + 70. Let o(d) = -d - 2. Calculate o(g).
2
Let r = 2 - 6. Let m = r - -6. Let i(p) = -p**3 - 2*p + 2*p + 2 - 6*p**2 + 0*p**m. What is i(-6)?
2
Let o(c) be the second derivative of c**7/1260 + c**6/720 - c**5/60 + c**4/12 - c. Let s(q) be the third derivative of o(q). What is s(-2)?
4
Let t(x) = -x - 1. Let q = -4 + 5. Let b be q + 6 + (2 - 4). Let r = b - 3. Calculate t(r).
-3
Let y be ((-3)/2)/((-3)/2). Let x(s) = y + 2*s - 8 - s. Calculate x(6).
-1
Let v(s) = 3*s**2 - 2 - 4*s + 5 + s**3 + 2*s. Let u = 2 - 6. Determine v(u).
-5
Let q(a) = a**2 - 2*a - 3. Suppose 5*n = -0*h + h - 14, -h - 5*n - 6 = 0. Suppose 3*u = h*u - 4. Calculate q(u).
5
Let l be (3*16/12)/(-2) + 2. Let n(g) be the second derivative of -1/3*g**3 - g + 1/2*g**2 + l - 1/12*g**4. Calculate n(-4).
-7
Let c(o) be the second derivative of o**5/10 - o**3/3 + o**2/2 - 15*o. Give c(1).
1
Suppose -k = -0*k - 1, -3*y = -4*k - 8. Let x(l) = 4*l**3 - l**2 + l - 3. Let i(d) = 9*d**3 - d**2 + 2*d - 7. Let s(u) = 3*i(u) - 7*x(u). What is s(y)?
-4
Let x be (-22)/6 + (-2)/6. Let m be x/(-16) - 58/8. Let w = 6 + m. Let a(k) = -5*k**2 - 1. Calculate a(w).
-6
Let n(a) = -1 + 407*a - a**2 - 2*a**3 - 407*a. Calculate n(-2).
11
Let j = 6 + -8. Let p(x) = 2*x**2 + 3*x + 2. Let s be p(j). Let d(n) = -2*n**2 + 3*n - 2*n + 4*n - s. Calculate d(3).
-7
Let r(d) be the third derivative of 0 + 1/6*d**4 + 0*d + 2*d**2 - 1/3*d**3 - 1/60*d**5. Let h(q) = q + 1. Let l be h(3). What is r(l)?
-2
Suppose 0 = 4*w - 1 - 11. Let g(p) = 3 + 4 - p + 5*p + 5*p**2 + w*p**3 - 4*p**3. Calculate g(6).
-5
Let d(l) = 1 + 5 - 3*l + 0*l. Suppose 2*h - 8 = h + 2*i, 4*h + 5*i + 20 = 0. Suppose 9*y - 4*y = -n + 14, h = 3*n + y - 14. Determine d(n).
-6
Suppose 3*u + 4 = 1. Let z(d) be the first derivative of d + 5 + 2/3*d**3 + 0*d**2. Determine z(u).
3
Let q(j) be the third derivative of -j**6/120 - 7*j**5/60 + 3*j**4/8 + j**3/3 - 5*j**2. Let m be q(-8). Let v(t) = t - 3. What is v(m)?
-9
Let b(a) = -4*a - 4. Let i be ((-2)/(-6))/((-8)/(-96)). Suppose s + 8 - i = 0. Determine b(s).
12
Let j(q) be the second derivative of q**3/6 - q**2/2 + 5*q. Give j(0).
-1
Let i(s) = s + 15. Let r be i(-11). Let y(h) = 3 - r - h**2 - 6*h**2 - 3*h**2. Determine y(1).
-11
Let j(n) = 3*n - 4*n - 4 + 3 + 3. Let t(k) = 5*k - 10. Let a(w) = 11*j(w) + 2*t(w). Calculate a(0).
2
Let r(y) be the second derivative of y**4/12 + y**3/6 - 13*y**2/2 - 4*y. Give r(0).
-13
Let t(q) be the third derivative of -q**5/60 + 5*q**4/24 - q**3/6 + 2*q**2. Suppose 0 = g + 3*g + 2*j + 44, 0 = 5*g - 5*j + 25. Let u = g + 12. Give t(u).
5
Suppose -5*j + 15 = -0. Let q(p) = 2 - p - p**j - 2*p - 2*p + 0*p**3 - 5*p**2. Determine q(-4).
6
Let c(v) = 18*v**2 - 8*v**2 - 11*v**2 + 2 - v**3 - v. Calculate c(3).
-37
Let v(b) = 7*b + b**3 - 2 + 10*b**2 - 7*b**2 + 0*b + 4*b**2. Give v(-5).
13
Let h(b) = -b**2 + 3*b + 2. Let c be 6/6 - (1 - 3). Let u be h(c). Let s(v) = -3*v**2 + 2*v - 1. Calculate s(u).
-9
Let w(f) = -f**3 + 5*f**2 - 3*f + 1. Let h(k) = -2*k**3 + 5*k**2 - 2*k + 1. Let m(o) = 2*h(o) - 3*w(o). Determine m(-6).
5
Let f(a) = 5*a**2 + a - 5. Let u(r) = r**2 + r. Let c(m) = -f(m) + 6*u(m). What is c(-4)?
1
Let d(n) = -n**2 - n + 1. Let x(m) = m + 6. Let j be (-1)/3*(-1 + 4). Let i(a) = j*x(a) + 3*d(a). What is i(-2)?
-7
Let d(p) = -p**2 - 9*p + 12. Let c = -6 + -4. Let h be d(c). Suppose h*y = -3*y + t + 21, 2*y - t - 6 = 0. Let r(x) = x**2 - 5*x + 1. Determine r(y).
1
Let m be 16/10 + -2 + (-56)/35. Let z(q) = -4*q**3 + 3*q**3 - 2*q**2 - 3 + 0 - 4*q. Give z(m).
5
Let p(d) = -3*d + 7. Let g(q) = -q - 1. Let f(o) = -g(o) + p(o). Determine f(-8).
24
Let q(o) = o**3 - 6*o**2 - 6*o - 12. Let k be q(7). Let b(h) = -h**2 - 5*h + 2. Calculate b(k).
2
Let f(v) = -v**2 - v + 1. Let l(r) = -r**2 - 3*r - 1. Let o be l(-2). Suppose 2*j - o + 9 = 0, -i - 4*j - 19 = 0. Determine f(i).
-5
Let a(d) = d + 8. Let t(v) = 6*v**2 + 2*v - 1. Let p be t(1). Let f = p - 14. Let j be a(f). Let h(y) = y. Determine h(j).
1
Let f(h) be the second derivative of 1/60*h**5 + 1/6*h**4 + 0 + h + 0*h**2 - 1/720*h**6 + 0*h**3. Let r(k) be the third derivative of f(k). Determine r(4).
-2
Suppose -4*m + 14 = w, 3*w = -4*m + 5*m + 16. Let h(i) be the third derivative of -i**6/120 + 7*i**5/60 - i**4/3 + 2*i**3/3 - i**2. Determine h(w).
-8
Let c(r) be the first derivative of r**4/4 + 5*r**3/3 - 5*r**2/2 - 4*r - 28. Determine c(-6).
-10
Let o(t) = 7*t - 1. Let g be o(1). Let a(b) be the second derivative of b**5/20 - 7*b**4/12 + 5*b**3/6 + 5*b**2/2 + b. What is a(g)?
-1
Let r(x) be the first derivative of 2*x**3/3 - x**2 + 2*x + 99. Let f = 4 + -2. What is r(f)?
6
Let x(r) = -r - 2 - r - 1 + r**3 + 3*r - 4*r**2. Give x(4).
1
Let f = -1 + -1. Let w(t) = 3 + 4*t + 2*t**2 - 5*t**3 + 6*t**3 + 0. What is w(f)?
-5
Suppose 4*x = 2*t - 40, -2*x + 58 = 3*t - 7*x. Suppose -4*m + 4*s - 3*s + t = 0, 2*m - 3*s = -2. Let k(j) = -2*j + 6. What is k(m)?
-4
Let n(h) = h + 0*h - h - h - h**2. Calculate n(1).
-2
Let c(w) = 4*w**3 - w**2 + 2*w - 1. Let g be c(1). Let b be (-18)/4*(4 - 6). Let y = g - b. Let r(k) = k - 4. Calculate r(y).
-9
Let u(o) = 1 + 5*o**2 - 1 + o + 3*o + o**3. Let k be 2 + 1 + (-1)/(-1). Suppose n = -0 - k. Determine u(n).
0
Let i(o) = o + 5. Let l(r) = 3*r + 17. Let a be l(-8). Calculate i(a).
-2
Let h(c) = -c**2 + c + c**3 - 2*c**3 + 2 + 2*c - 4*c. Let y(n) = -n**2 + 9*n + 2. Let g be y(9). Suppose -3*f = g*f. What is h(f)?
2
Suppose -4*r - 9 = -4*d + 23, r - 12 = -3*d. Let k(w) = w + 1. Let t(u) = -u**2 + 11*u + 11. Let z(h) = 6*k(h) - t(h). Determine z(d).
-5
Let t(w) = -w + 4*w - 4 - 5 - 2*w. Calculate t(6).
-3
Let r(z) = -z**3 + 6*z**2 - 4*z + 4. Let y = 17 - 13. Suppose -y*f + 17 = -3. Calculate r(f).
9
Let r(l) be the second derivative of l**7/840 + l**6/120 - l**5/24 + l**4/12 + l**3/6 - l. Let w(d) be the second derivative of r(d). What is w(-4)?
6
Let y(i) = i + 1. Let r(d) = -d**2 + 5*d + 12. Let f(a) = r(a) - 4*y(a). Let w = -3 - -3. Determine f(w).
8
Let g(b) = -b**2 - 5*b + 2. Suppose -2*o = -2, -5*j + 3*j + 5*o = -39. Suppose -5*y - 3 = j. Give g(y).
2
Let n(o) be the second derivative of o**4/12 + 2*o**3/3 + 6*o. What is n(-6)?
12
Let v(l) = -l**3 + l - 7. Suppose -23 = 4*f - 2*b + 21, b - 4 = 0. Let u be 0*(-2 + f/(-6)). Give v(u).
-7
Let o(c) be the third derivative of c**6/120 + c**5/12 + c**4/6 - 2*c**2. Calculate o(-3).
6
Suppose 5*z - 4 = 4*z. Let h(i) = i**3 - 4*i**2 + i - 4. Determine h(z).
0
Let v(h) be the second derivative of h**3/6 - h**2 + 16*h. What is v(2)?
0
Suppose 0 = -4*t + 17*t. Let j(h) = h**3 + h**2 - h - 5. Calculate j(t).
-5
Let z(j) = j**3 + 2*j**2 + 2*j + 2. Let k(q) = 0*q - 2*q**2 - 4*q + 9 + 9 - 20. Let t = 1 - 3. Let a be k(t). What is z(a)?
-2
Let w(f) = -f 